 k(14)?
7
Let z(r) = -10*r**2 + 4*r - 5. Give z(1).
-11
Let w(j) = 60*j**2 - 2*j + 2. What is w(1)?
60
Let u(g) = -19*g + 175. Calculate u(9).
4
Let f(c) = 2*c**2 - 9*c + 8. Give f(5).
13
Let q(m) = 11*m + 6. What is q(7)?
83
Let t(j) = -j**3 + 12*j**2 - 9*j - 19. Give t(11).
3
Let c(h) = h**3 + 5*h**2 + 4*h - 3. Calculate c(-3).
3
Let i(w) = -5*w - 21. Determine i(0).
-21
Let y(f) = -3*f**2 - 28*f - 49. What is y(-6)?
11
Let t(y) = -10*y**2 - 3*y + 2. Determine t(1).
-11
Let g(x) = x**3 + 8*x**2 + 9*x - 15. Give g(-6).
3
Let i(p) = -7*p + 29. Determine i(4).
1
Let s(n) = -n**2 - 3*n + 5. What is s(-5)?
-5
Let i(q) = -3*q**2 + 2*q - 3. Calculate i(2).
-11
Let b(y) = -y**3 - 11*y**2 - 10*y - 9. Give b(-10).
-9
Let y(p) = p**3 + 5*p**2 - 2*p - 7. Give y(-4).
17
Let y(i) = i**2 + 14*i - 29. Calculate y(-11).
-62
Let v(z) = 13*z**3 + 2*z**2 + 1. Give v(2).
113
Let h(r) = -2*r**2 - 32*r - 36. What is h(-15)?
-6
Let h(p) = -p**2 - 7*p + 6. What is h(-8)?
-2
Let h(j) = j**2 - 9*j - 46. Determine h(-5).
24
Let y(l) = -15*l - 63. Give y(-5).
12
Let g(l) = -17*l - 376. Calculate g(-22).
-2
Let m(y) = 13*y**2 + 3*y + 2. Give m(-3).
110
Let w(g) = 2*g**2 + 45*g + 45. Give w(-21).
-18
Let c(l) = -4*l + 59. Give c(11).
15
Let x(d) = 13*d - 102. Determine x(8).
2
Let c(a) = a**3 - 26*a**2 - 56*a + 8. Give c(28).
8
Let d(w) = 6*w**2 - w - 1. Determine d(-1).
6
Let r(v) = -v**2 - 9*v + 13. Calculate r(-9).
13
Let n(r) = -r**3 + 18*r**2 - 16*r + 18. Give n(17).
35
Let s(b) = -3*b**2 + 9*b + 26. Calculate s(-6).
-136
Let i(o) = o**3 - o + 3. Give i(3).
27
Let r(l) = -2*l - 101. Calculate r(13).
-127
Let y(d) = 2*d**3 + 4*d**2 + d + 1. What is y(-2)?
-1
Let k(p) = -p**3 + 21*p**2 - 21*p + 9. What is k(20)?
-11
Let b(o) = -o**3 + 5*o**2 + 8*o - 9. What is b(6)?
3
Let w(f) = 2*f - 12. Determine w(8).
4
Let m(i) = -i**3 + i + 12. Determine m(0).
12
Let z(m) = m**3 + m**2 - 56. Determine z(0).
-56
Let v(x) = -6*x + 41. Determine v(7).
-1
Let g(v) = v**3 + 6*v**2 - 7*v - 57. What is g(-5)?
3
Let p(r) = -r**3 - 9*r**2 + r - 13. Calculate p(-9).
-22
Let s(h) = h**3 + 30*h**2 - 63*h + 48. Determine s(-32).
16
Let k(b) = -b**3 + 13*b**2 - 40*b + 4. Calculate k(5).
4
Let k(z) = z**3 + 5. Give k(-3).
-22
Let j(x) = -x**3 + 14*x**2 - 6*x - 18. Give j(14).
-102
Let r(u) = u**2 - 5*u - 2. Calculate r(4).
-6
Let i(x) = -x**2 + 9*x - 6. What is i(7)?
8
Let x(o) = 3*o + 5. Determine x(-6).
-13
Let b(z) = -6*z**2 + 47*z - 1. Determine b(8).
-9
Let i(h) = -h**3 + 6*h**2 - 3*h. Determine i(2).
10
Let q(i) = i**2 + 12*i - 20. Calculate q(-11).
-31
Let u(c) = -7*c + 40. Determine u(6).
-2
Let q(r) = r**3 - 5*r**2 - 6*r + 3. What is q(6)?
3
Let m(f) = -f**3 + 4*f**2 + 2*f + 2. Give m(4).
10
Let w(q) = -q**2 - 7*q - 3. Give w(-6).
3
Let o(h) = -5*h + 2. Determine o(2).
-8
Let j(w) = -6*w**3 + w**2 + 9*w - 7. What is j(3)?
-133
Let p(z) = -z**3 - 9*z**2 - z + 99. Give p(-6).
-3
Let w(q) = -q**3 + 12*q**2 - 10*q + 11. Give w(11).
22
Let j(o) = 7*o - 33. Give j(8).
23
Let a(y) = -2*y - 6. Calculate a(-1).
-4
Let m(x) = x**3 - 21*x**2 - 47*x + 30. Determine m(23).
7
Let a(u) = 2*u**2 - 10*u + 9. Calculate a(7).
37
Let s(r) = -r**2 - 3*r + 12. Calculate s(-5).
2
Let m(z) = 7*z - 34. Determine m(10).
36
Let n(t) = 2*t**3 - 17*t**2 - 6*t - 23. Determine n(9).
4
Let l(k) = 2*k + 38. What is l(-23)?
-8
Let h(k) = 9*k - 59. What is h(6)?
-5
Let r(o) = -o**3 + 9*o**2 - 10*o - 5. What is r(8)?
-21
Let o(v) = v**3 + 2*v**2 - 2*v - 2. Give o(-3).
-5
Let i(c) = 2*c**3 + 20*c**2 - 27*c - 66. Give i(-11).
-11
Let k(r) = -5*r - 28. Determine k(-2).
-18
Let c(o) = -o**3 - 10*o**2 - 12*o - 2. Calculate c(-8).
-34
Let s(v) = -5*v**3 + 2*v**2 - 1. Give s(-2).
47
Let u(l) = -7*l**3 - l**2 - 7*l - 8. Give u(-1).
5
Let i(c) = -10*c - 74. What is i(-8)?
6
Let s(q) = q**3 - 13*q**2 - 2*q + 14. What is s(12)?
-154
Let q(j) = -11*j**2 + 2*j + 1. Determine q(-1).
-12
Let t(a) = -9*a**3 - a**2 - a - 2. What is t(-2)?
68
Let f(o) = -5*o - 17. Determine f(-7).
18
Let u(c) = -c**2 + 3*c - 9. Calculate u(6).
-27
Let g(p) = -p**2 - 18*p + 26. Calculate g(-20).
-14
Let z(y) = y**3 + 3*y**2 - 3*y + 11. Determine z(-4).
7
Let l(i) = -2*i**2 - 51. What is l(0)?
-51
Let i(g) = -g**3 + 15*g**2 + 17*g - 5. What is i(16)?
11
Let q(t) = 7*t - 26. Calculate q(8).
30
Let p(n) = 48*n - 9. Determine p(1).
39
Let o(y) = -y**2 + 15*y + 2. Determine o(7).
58
Let h(d) = -d**2 - 37*d - 308. Give h(-24).
4
Let o(r) = r**3 - r**2 - 2*r + 26. What is o(0)?
26
Let o(v) = 7*v - 259. Give o(37).
0
Let m(q) = -5*q**2 - 34*q - 8. Give m(-6).
16
Let j(v) = -3*v**2 + 11*v + 4. What is j(6)?
-38
Let t(m) = 2*m - 17. Calculate t(5).
-7
Let u(q) = -q**3 - 11*q**2 + 11*q + 9. Give u(-12).
21
Let w(v) = -v - 46. Determine w(-17).
-29
Let y(u) = -2*u - 14. Calculate y(-6).
-2
Let k(f) = -3*f**2 + 36*f + 3. Give k(12).
3
Let k(g) = -g**3 - 7*g**2 - 8*g + 3. Calculate k(-5).
-7
Let o(z) = -z**3 - 6*z**2 + 4*z - 32. Determine o(-7).
-11
Let n(p) = 2*p + 3. Give n(-2).
-1
Let q(g) = g**3 + 12*g**2 + 4*g + 18. Give q(-12).
-30
Let y(s) = -s**2 - 2*s - 2. Determine y(-3).
-5
Let a(r) = 2*r**2 - 13*r - 19. Give a(-2).
15
Let h(w) = -3*w - 13. Determine h(5).
-28
Let b(m) = -m**2 + 6*m - 10. What is b(8)?
-26
Let u(z) = -2*z**2 - 7*z + 5. Determine u(2).
-17
Let b(o) = -o**3 + o**2 + o + 5. What is b(0)?
5
Let p(t) = 15*t - 415. Give p(27).
-10
Let p(i) = 3*i + 16. Calculate p(-4).
4
Let y(p) = p**2 - 4*p + 4. What is y(1)?
1
Let l(b) = b**2 + 11*b + 30. Give l(-9).
12
Let q(t) = -13*t - 107. Determine q(-6).
-29
Let n(r) = r**3 - r**2 - 16*r. Calculate n(-5).
-70
Let i(x) = -13*x**3 + 4*x**2 - 6*x + 2. Calculate i(2).
-98
Let a(u) = 4*u + 1. Determine a(2).
9
Let j(p) = p**2 + 15*p + 12. Calculate j(-14).
-2
Let k(v) = -v**3 + 8*v**2 + v + 2. Calculate k(8).
10
Let q(p) = 2*p**2 - 6*p + 12. Give q(5).
32
Let m(o) = o**3 + 5*o**2 - 5*o + 6. What is m(-6)?
0
Let z(a) = a**3 - 8*a**2 - 13*a + 39. Give z(9).
3
Let m(i) = -2*i**2 + 11*i + 3. Give m(10).
-87
Let i(z) = z**3 - 10*z**2 + 8*z + 22. Give i(9).
13
Let q(f) = -3*f + 27. What is q(8)?
3
Let l(f) = -f - 1. Calculate l(0).
-1
Let f(n) = n + 26. Determine f(-30).
-4
Let j(w) = w**3 - 5*w**2 - w + 7. What is j(5)?
2
Let g(d) = -9*d + 17. Give g(-3).
44
Let v(d) = -8*d - 10. Determine v(-7).
46
Let f(o) = -6*o - 42. Determine f(-5).
-12
Let q(t) = t**2 - 9. What is q(-4)?
7
Let k(c) = c - 9. Calculate k(6).
-3
Let a(s) = -s - 1. Give a(-5).
4
Let p(m) = 12*m + 69. Calculate p(-6).
-3
Let m(w) = w**3 - 26*w**2 + 32*w - 67. Give m(25).
108
Let o(q) = -q**2 + 2*q + 1. Determine o(3).
-2
Let p(o) = 2*o**2 + 11*o - 161. Determine p(7).
14
Let h(y) = -y**2 + 9*y - 8. Calculate h(11).
-30
Let l(z) = -4*z - 72. Calculate l(0).
-72
Let o(v) = 2*v**3 - 16*v**2 + 25*v + 23. What is o(5)?
-2
Let g(j) = -j**2 + 13*j - 33. Give g(17).
-101
Let c(s) = -7*s**2 + 12*s - 4. What is c(3)?
-31
Let w(c) = c - 25. What is w(7)?
-18
Let l(j) = -107*j**3 + j**2 - 2*j + 2. What is l(1)?
-106
Let u(h) = 2*h**2 + 16*h + 27. Determine u(-5).
-3
Let z(g) = -g**3 - 17*g**2 - 15*g + 16. Determine z(-16).
0
Let q(k) = -k**3 + 11*k**2 + 10*k - 14. What is q(12)?
-38
Let t(s) = s**3 - 2*s**2 + s + 3. Give t(5).
83
Let y(p) = p**3 + 6*p**2 - 12*p - 16. Give y(-7).
19
Let c(i) = i**2 + 5*i + 4. Determine c(-5).
4
Let l(u) = -u**3 - 16*u**2 - 14*u + 10. Calculate l(-15).
-5
Let d(m) = m + 19. What is d(0)?
19
Let i(t) = -t**3 + 11*t**2 - 4*t + 25. Calculate i(11).
-19
Let z(j) = j**2 + 10*j - 11. What is z(-11)?
0
Let o(l) = 4*l**2 + 3*l - 4. Determine o(1).
3
Let w(p) = p**2 - 3*p + 2. Determine w(2).
0
Let d(w) = -w**3 + 13*w**2 + 48*w + 6. Give d(16).
6
Let x(k) = -16*k - 6. Determine x(4).
-70
Let b(c) = c**2 - 12*c + 6. Calculate b(11).
-5
Let x(w) = -w**3 + 5*w**2 - 6*w + 3. What is x(4)?
-5
Let p(t) = -11*t + 10. What is p(2)?
-12
Let q(w) = w**3 - 3*w**2 + 2*w + 4. Calculate q(2).
4
Let z(i) = -4*i. Give z(8).
-32
Let y(m) = 2*m + 6. Give y(-4).
-2
Let p(c) = -c**2 + 15*c - 20. Give p(13).
6
Let b(f) = 2*f + 17. Give b(13).
43
Let n(k) = k**3 - 3*k**2 + 4*k - 5. Determine n(5).
65
Let h(k) = -2*k**2 + 20*k - 8. Determine h(9).
10
Let m(t) = -t**2 - 6*t + 1. Give m(-6).
1
Let d(n) = -9*n. Calculate d(4).
-36
Let k(v) = -3*v + 11. Calcula